8
What is the hundred millions digit of 1231554315?
2
What is the millions digit of 416151877?
6
What is the hundreds digit of 23165999?
9
What is the hundred thousands digit of 95184745?
1
What is the units digit of 36609619?
9
What is the hundreds digit of 6884711956?
9
What is the hundred millions digit of 1292406462?
2
What is the millions digit of 373810975?
3
What is the tens digit of 369040436?
3
What is the millions digit of 301865494?
1
What is the ten thousands digit of 789309497?
0
What is the hundred thousands digit of 14783803?
7
What is the hundred thousands digit of 31464528?
4
What is the hundred thousands digit of 807710165?
7
What is the hundred millions digit of 636355985?
6
What is the hundred thousands digit of 46794183?
7
What is the ten thousands digit of 1047026298?
2
What is the thousands digit of 109163857?
3
What is the hundred thousands digit of 28824683?
8
What is the ten thousands digit of 211368599?
6
What is the hundreds digit of 374246212?
2
What is the hundred thousands digit of 1576898641?
8
What is the ten millions digit of 246808863?
4
What is the hundreds digit of 96657682?
6
What is the ten thousands digit of 138523502?
2
What is the billions digit of 1917256124?
1
What is the hundred millions digit of 188180203?
1
What is the ten thousands digit of 22972206?
7
What is the thousands digit of 121683326?
3
What is the millions digit of 56996449?
6
What is the thousands digit of 809586830?
6
What is the hundred thousands digit of 292971117?
9
What is the hundreds digit of 1544201642?
6
What is the units digit of 863982521?
1
What is the hundred millions digit of 2389419275?
3
What is the hundreds digit of 54645323?
3
What is the billions digit of 1517743179?
1
What is the units digit of 6250491?
1
What is the ten thousands digit of 35174904?
7
What is the millions digit of 268846095?
8
What is the ten millions digit of 4548196490?
4
What is the thousands digit of 86047271?
7
What is the ten millions digit of 2983451132?
8
What is the hundred thousands digit of 5697455572?
4
What is the hundreds digit of 50117384?
3
What is the hundred thousands digit of 2219845716?
8
What is the units digit of 12217679?
9
What is the units digit of 45085926?
6
What is the billions digit of 1748455044?
1
What is the hundred thousands digit of 118764300?
7
What is the ten thousands digit of 858900146?
0
What is the ten thousands digit of 22033346?
3
What is the ten thousands digit of 222653841?
5
What is the millions digit of 345741114?
5
What is the ten thousands digit of 422500182?
0
What is the tens digit of 751672388?
8
What is the units digit of 43135492?
2
What is the hundred millions digit of 111264229?
1
What is the units digit of 2614587837?
7
What is the hundred thousands digit of 5321193110?
1
What is the thousands digit of 1832145296?
5
What is the thousands digit of 75455406?
5
What is the hundred thousands digit of 15955225?
9
What is the hundred millions digit of 292088915?
2
What is the billions digit of 3972112171?
3
What is the ten millions digit of 391552573?
9
What is the thousands digit of 136050275?
0
What is the ten millions digit of 1266019218?
6
What is the tens digit of 1282367891?
9
What is the tens digit of 5081444701?
0
What is the ten millions digit of 1735753067?
3
What is the hundred thousands digit of 103116177?
1
What is the tens digit of 13544537?
3
What is the hundreds digit of 3401290765?
7
What is the millions digit of 4055923390?
5
What is the hundred millions digit of 179639874?
1
What is the units digit of 59659084?
4
What is the hundreds digit of 35863380?
3
What is the hundred millions digit of 158699015?
1
What is the ten thousands digit of 1566997065?
9
What is the millions digit of 142492881?
2
What is the hundred thousands digit of 3978924337?
9
What is the hundreds digit of 184852150?
1
What is the hundreds digit of 110176588?
5
What is the ten thousands digit of 797174516?
7
What is the units digit of 17464783?
3
What is the ten millions digit of 5308626701?
0
What is the tens digit of 2011698197?
9
What is the thousands digit of 146974141?
4
What is the hundreds digit of 23037179?
1
What is the millions digit of 8424694?
8
What is the thousands digit of 544518053?
8
What is the tens digit of 183442839?
3
What is the units digit of 2829585997?
7
What is the hundreds digit of 2741966806?
8
What is the hundred thousands digit of 24849732?
8
What is the hundreds digit of 439080721?
7
What is the ten millions digit of 56608152?
5
What is the millions digit of 7553283425?
3
What is the millions digit of 272965359?
2
What is the tens digit of 28234654?
5
What is the ten thousands digit of 179418695?
1
What is the units digit of 1525802753?
3
What is the units digit of 107706896?
6
What is the ten thousands digit of 7043586?
4
What is the ten thousands digit of 700750947?
5
What is the ten millions digit of 213153477?
1
What is the hundred thousands digit of 32888276?
8
What is the millions digit of 245864773?
5
What is the tens digit of 19467524?
2
What is the tens digit of 62366107?
0
What is the hundred millions digit of 6633894378?
6
What is the tens digit of 510995508?
0
What is the hundreds digit of 665410904?
9
What is the ten millions digit of 458991613?
5
What is the hundred millions digit of 104259578?
1
What is the units digit of 280700815?
5
What is the thousands digit of 1002931763?
1
What is the hundred thousands digit of 31707966?
7
What is the millions digit of 489699865?
9
What is the millions digit of 47372671?
7
What is the ten millions digit of 31109977?
3
What is the ten thousands digit of 476928118?
2
What is the ten thousands digit of 777001371?
0
What is the millions digit of 50513271?
0
What is the hundred thousands digit of 805293234?
2
What is the tens digit of 1337740652?
5
What is the billions digit of 1291208461?
1
What is the tens digit of 2672345339?
3
What is the hundreds digit of 4066452670?
6
What is the tens digit of 2322954074?
7
What is the ten millions digit of 93900437?
9
What is the tens digit of 20548508?
0
What is the billions digit of 3224767140?
3
What is the thousands digit of 219135377?
5
What is the tens digit of 857688420?
2
What is the units digit of 406334517?
7
What is the hundred millions digit of 2726033578?
7
What is the units digit of 2680359558?
8
What is the hundreds digit of 2443980631?
6
What is the hundred thousands digit of 15049574?
0
What is the ten millions digit of 288454482?
8
What is the hundred thousands digit of 1769045019?
0
What is the millions digit of 64195600?
4
What is the ten thousands digit of 59290288?
9
What is the thousands digit of 75649723?
9
What is the hundred thousands digit of 172743115?
7
What is the ten millions digit of 244261510?
4
What is the hundreds digit of 80777386?
3
What is the millions digit of 782361732?
2
What is the hundreds digit of 297643968?
9
What is the thousands digit of 5543072?
3
What is the units digit of 2604381205?
5
What is the units digit of 883334655?
5
What is the hundreds digit of 103083018?
0
What is the hundred thousands digit of 226481461?
4
What is the thousands digit of 1899387412?
7
What is the ten thousands digit of 4327018530?
1
What is the ten thousands digit of 229171807?
7
What is the hundreds digit of 3445601477?
4
What is the units digit of 112912809?
9
What is the hundreds digit of 3045619339?
3
What is the hundreds digit of 22878269?
2
What is the units digit of 3156026?
6
What is the units digit of 1576533680?
0
What is the hundred thousands digit of 131924256?
9
What is the hundred thousands digit of 993293978?
2
What is the tens digit of 59285991?
9
What is the ten millions digit of 127240456?
2
What is the billions digit of 3098459696?
3
What is the thousands digit of 267951968?
1
What is the hundred millions digit of 336653981?
3
What is the hundred thousands digit of 661806332?
8
What is the hundreds digit of 686303277?
2
What is the ten thousands digit of 6037704202?
0
What is the hundreds digit of 767504326?
3
What is the units digit of 87897669?
9
What is the billions digit of 2138722098?
2
What is the ten thousands digit of 108755497?
5
What is the hundreds digit of 6283049?
0
What is the ten thousands digit of 60572310?
7
What is the milli